 4*b**2 + b - 5. Determine p(k).
-9
Let q(z) = -z**3 - 3*z**2 - 3*z - 3. Let d = -9 + 10. Let j(r) = -r. Let f(m) = 2*m. Let k(n) = -3*f(n) - 4*j(n). Let g be k(d). Calculate q(g).
-1
Let b(m) = 671*m - 3*m**3 - 9*m**2 - 333*m + 9 - 328*m + 2*m**3. What is b(-10)?
9
Let w = -142 - -141. Let x be ((-5)/w + -4)/(-1). Let k(o) = 15*o**2 - o. Give k(x).
16
Let h(j) = -3*j + 6. Let x be h(4). Let t(a) be the second derivative of 0 + 1/2*a**3 + 4*a**2 - 1/20*a**5 - 1/2*a**4 - 19*a. Give t(x).
-10
Let z be ((24/(-5))/3)/((-10)/25). Let f(c) = c**3 - 5*c**2 + 4*c + 6. Give f(z).
6
Let k(a) = 2*a**3 + a**2 + a + 1. Let f(c) = 7*c**3 + c**2 + 3*c + 7. Let w(x) = -f(x) + 3*k(x). Give w(2).
-4
Let n(b) = 2*b**2 - 23*b + 22. Let p(f) = -f**2 + 12*f - 12. Let m(y) = 6*n(y) + 11*p(y). Determine m(5).
-5
Suppose -4*k - 4*l + 32 = 0, -3*l - 2*l + 28 = k. Let y(b) = -k + 0 + b - 1 + 1. Give y(6).
3
Let y(g) = -g**3 + g**2 + 23*g + 6. Let w be y(5). Let d(i) = -i**3 + 20*i**2 + 22*i - 13. Calculate d(w).
8
Let m(n) = n**3 + n**2 + n + 1. Let w(t) = -6*t**3 - 5*t**2 - 4*t - 6. Let u(c) = 5*m(c) + w(c). Determine u(1).
-1
Suppose 0 = y + 4*l - 5, 5*y - l - 8 = -4. Let c(q) = 2*q. Let d(h) = h. Let m(v) = y*c(v) - d(v). Determine m(-7).
-7
Let t(w) = 2*w - 18. Let d be t(10). Let z(m) = 5 - 3*m - 4*m**2 - 2*m**d + 5*m**2. Calculate z(-4).
1
Let f(y) = y + 5. Let b(s) = s + 1. Suppose 4*i - 2*a - 14 = -2, -5*a - 2 = 4*i. Let d be i/(-8) + (-15)/(-12). Let w(r) = d*f(r) - 6*b(r). Determine w(2).
-11
Let z be 7/126 + (-5)/90. Let i(g) = -3*g + 8. Give i(z).
8
Let w be ((-5)/(-2))/(2/(-4)). Suppose 5*o + d = 10, 5*o + 3*d - 7*d = 10. Let k(n) = -9 + 2 + 10 + 4*n + n**o. Determine k(w).
8
Let h(p) be the third derivative of -p**6/120 - p**4/24 - 3*p**2. Let u(v) = -v**3 + 5*v**2 + 14*v. Let f be u(7). Calculate h(f).
0
Let w(r) = 20*r**2 + 3*r + 30. Let d(h) = -7*h**2 - h - 11. Let x(n) = -17*d(n) - 6*w(n). Give x(0).
7
Let g(m) = m**3 - m - 7. Let t = 5 + -4. Let a = 5 + t. Suppose -c = -a*c. What is g(c)?
-7
Let h(a) = -3051*a**2 + 3048*a**2 + a**3 + 2 + a - 3*a. Determine h(3).
-4
Let u(m) = -m**2 + 2*m - 11. Let k(v) = -v**2 - 2. Let d(b) = 2*k(b) - u(b). Calculate d(-3).
4
Let y(i) = i. Suppose -5*h + 3*h = 0. Let c be y(h). Let x(k) = c + k + 7*k + 0 - k**2. Determine x(5).
15
Suppose x = 2*n + 4*x - 14, -n - 5*x = -7. Let o(q) = -q - n*q + q. Let r be (3 - 2) + 2*-1. What is o(r)?
7
Let n(q) = -3*q**2 + q + 6. Suppose -3 = -3*o - 9. Let z(g) = 5 - 29 + 33*g**2 - 4*g - 20*g**2. Let f(p) = o*z(p) - 9*n(p). Give f(0).
-6
Suppose -x = 5*p - 27, -5*p + 5*x + 8 = -7. Let q(v) = -v - 7 + p - 9. Let i be (-3)/2*28/6. Determine q(i).
-4
Let n(p) = -15*p + 2. Let k(y) = -7*y + 124. Let s be k(18). What is n(s)?
32
Let g(z) be the third derivative of 0 - z**2 + 1/120*z**6 - 1/24*z**4 + 0*z**5 - 5/3*z**3 + 0*z. Let v(n) be the first derivative of g(n). Give v(-1).
2
Let j be (-2)/(-3)*(-6)/(-1). Suppose c = j*c - 3. Let z be (c/2)/(6/60). Let n(y) = -y**2 + 4*y - 1. Calculate n(z).
-6
Let n(s) = -s**2 - 5*s. Suppose 3*u - 3*t = -0*t + 12, 7 = 2*u - 3*t. Suppose u*x + 2*o = 9, 0 = -x - 0*o - o. Suppose -9 = 2*z + x. Give n(z).
-6
Let f(y) = -10*y + 24. Let s be f(2). Let j(g) = -g**2 + 2*g + 4. Determine j(s).
-4
Let s(u) = -u**3 - 2*u**2 + u. Let n(i) = -3*i**3 + 3*i**2 + 3*i - 16. Let g(y) = -n(y) + 4*s(y). What is g(-11)?
5
Let l = 464 + -454. Let p(h) = h**3 - 11*h**2 + 12*h - 9. Calculate p(l).
11
Let g(c) = -10*c**3 - 9*c**3 - 5*c + 7*c**2 + 18*c**3. Determine g(5).
25
Let z(m) be the first derivative of 13*m**5/120 - m**4/8 + 20*m**3/3 - 25. Let h(v) be the third derivative of z(v). Give h(2).
23
Let f = 286 - 269. Let g(r) = -r**2 + 17*r - 4. Determine g(f).
-4
Suppose -5*b - 25 = 0, m + 2*b - 1 = -2. Let s(r) = -5*r + m*r - 5*r - r - 1 + 6*r**2. What is s(-1)?
7
Let b be (-3 + 2)/(-4)*12. Let r(q) = 8*q + 16*q + 1 + 7*q - 25*q + 1. What is r(b)?
20
Let t(v) be the first derivative of v**4/12 + 11*v**2 - 1. Let d(z) be the second derivative of t(z). Calculate d(9).
18
Let t = -92 + 95. Let j(k) = 1 - 9*k + 11*k - t*k + 8. Determine j(0).
9
Let m(o) = -o**2 - 9*o + 12. Let i be m(-10). Let v be ((-3)/9)/(i/(-6)). Let a(f) = -f**2 - f**2 + f**2 + 0*f**3 + f**3. Determine a(v).
0
Let h(y) = 15*y + 20. Let k(s) = -2*s - 3. Let t(z) = -h(z) - 6*k(z). Determine t(-6).
16
Let l = -144 + 149. Let a(m) = 8*m - 6*m + 2*m + l. Calculate a(-4).
-11
Let h(q) = q**3 - q**2 - 2. Let n be 10*(27/6 + -2). Suppose 2*z = 7*z - n. Suppose 4*d = 2*j - 16, d + 9 = z*j - 2*j. Calculate h(j).
2
Let h(m) = -m + 4. Suppose 75*x = 68*x. What is h(x)?
4
Let b(r) = 4*r**2 - 16*r - 9. Let w(l) = -l**2 + 2*l. Let s(a) = -b(a) - 5*w(a). Give s(-7).
16
Let c(g) = -4*g - 4*g**3 - 2*g**3 - 4*g**3 + 11*g**3. Suppose -p + 10 = -2*b + 5, p = -3*b. Calculate c(p).
15
Let h(n) = n + 1. Let x(t) = -8*t - 6. Let q(m) = -39*h(m) - 6*x(m). Calculate q(4).
33
Let q(t) = 6*t**2 - 3*t - 1. Suppose -31*h + 12 = -43*h. What is q(h)?
8
Suppose 0 = t, -9*t + 4*t = -4*a - 16. Let j(n) = -5*n - 2. Give j(a).
18
Suppose 9*j - 5*j + 96 = 0. Let n be (2 - -1)*40/j. Let z(x) = -x**3 - 6*x**2 - 4*x + 1. Calculate z(n).
-4
Suppose 2*r = -r - 2*w - 9, 5*r - 3*w + 34 = 0. Let p(j) = 7*j + 5. Let u(o) = -4*o - 3. Let f(v) = r*u(v) - 3*p(v). Let y = -357 - -358. Calculate f(y).
-1
Let h(y) be the third derivative of y**6/120 - y**5/10 + y**4/24 - y**3/3 + 478*y**2 + 2*y. Calculate h(2).
-16
Let s be 1 - 4 - (-2 + -2). Let b be ((-10)/s + 3)*-1. Let i(z) = z - 4. Determine i(b).
3
Let n(y) = 6*y**2 + y**2 + y**2 - 3*y**2 - 5*y - 41 + y**3 + 49. Suppose f - 13 = 3*x + 8, 5*f = 3*x + 33. What is n(x)?
2
Let z = 16 + -8. Suppose 5*d - 23 = -z. Let n(s) = -s**3 + 3*s**2 - s + 4. Give n(d).
1
Let q(d) = -d**2 + 7*d - 6. Let l = -62 - -117. Let k = l - 50. Give q(k).
4
Let p be 12/(-18) + (-29)/(-3). Let z(d) = -1 + 0 - 1 - p*d + 1. Let c be ((-7)/14)/((-2)/(-4)). Give z(c).
8
Let b = 161 + -169. Let w(i) = i**2 + 5*i + 3. Calculate w(b).
27
Let j be (0/((1 - -1) + 1))/1. Let i(m) = 3102 - m**3 - 3104 - m**2 - 4*m**2 + m + j*m**3. What is i(-5)?
-7
Let z(p) be the second derivative of -p**3/6 + 2*p**2 - p - 39. Let r = -18 - -11. What is z(r)?
11
Let g be 5/4*1*8. Suppose -111 = c - 115. Suppose 4*j - 4*r = 8, -j + c*r + g = 5*r. Let y(a) = -a**2 + 7*a - 5. Determine y(j).
1
Let z(g) = g**3 - 7*g**2 - g + 6. Let x = -67 + 74. Give z(x).
-1
Let q(d) be the second derivative of -13*d + 1/6*d**3 + 0 + 0*d**2 + 1/12*d**4. Give q(3).
12
Let c(y) = -3*y**2 + y + 4. Let j(s) = s**3 - s**2 - s. Let q(o) = -c(o) - j(o). What is q(4)?
-4
Let t(n) = -4227*n**3 + 4*n + 8 + 4226*n**3 + 3*n**2 - 5. Let s(f) = -f**2 + 7*f - 6. Let b be s(5). Determine t(b).
3
Suppose 2*w = -0*w. Let z be -8*(-5 + w)/10. Suppose 0 = -0*q + z*q - 20. Let g(t) = t**3 - 5*t**2 + 5. What is g(q)?
5
Let f(u) = 3*u**3 - 4*u. Suppose -20*h = -0*h - 40. Determine f(h).
16
Let q(b) = -15*b**2 + 40*b**2 - 25*b**2 + b**3 + 3. Calculate q(0).
3
Let t(l) = l**3 + 6*l**2 + 6*l + 2. Let f be t(-4). Let j be (f - -2)*(-1)/3. Let i be 4/((-70)/15 - j). Let k(a) = -a**3 - 6*a**2 + 4. Give k(i).
4
Suppose 0 = -3*y - y. Let c(f) = f + 1. Let v(b) = 2*b - 6 - 3*b + 0*b. Let z(d) = -2*c(d) - v(d). What is z(y)?
4
Let a(s) = s**2 + s - 4. Let x(t) = 40*t - 2. Let u be x(6). Let o = 112 - u. Let n be (-1)/(-5) + o/(-45). What is a(n)?
8
Let n(l) = -8*l**2 + 9*l**2 - 723*l + 725*l + 6 + 0 - 5. Calculate n(-5).
16
Let w(b) = -b - 1. Let k(a) = -2*a - 11. Let h(o) = -k(o) + 3*w(o). Determine h(16).
-8
Let c(h) be the third derivative of -1/4*h**4 - 1/60*h**5 - 11*h**2 + 0 - h**3 + 0*h. Give c(-4).
2
Let q = -746 - -756. Let h(a) = a**3 - 10*a**2 - 4*a + 35. What is h(q)?
-5
Let g(z) be the second derivative of z**3/2 - 63*z**2/2 + 237*z - 2. Determine g(22).
3
Suppose -c + 5 = -3*i - 3, 0 = -4*c - 5*i + 15. Suppose 15*u + 80 = c*u. Let v(j) = 1 + j + 0*j + 6. Calculate v(u).
-1
Let x = 418 + -422. Let t(b) = -2*b**2 + 6*b**2 - 3 - b**3 + 2*b**3. Give t(x).
-3
Let f(k) = k**3 + 6*k**2 + 2*k + 7. Suppose a - 4*n + 2 = -2*n, 8 = -2*a + 2*n. What is f(a)?
-5
Let d(p) = -p + 9. Suppose -4*b + 36 = -5*a, -3*b = 5*a - 8*b + 35. Let j(i) = -2 + 1 - 314*i + 313*i. Let x be j(a). Give d(x).
2
Let i(r